)/25*-5). Let s(p) = p + 15. Let l(a) = w*h(a) - s(a). Let f be l(20). Calculate the greatest common divisor of 2 and f.
1
Let g = 19 - 8. Let o = 11 + g. Suppose q + 45 = 3*w, -4*w - 2*q + o = -3*w. Calculate the greatest common factor of w and 24.
8
Let b = -11 - -14. Suppose -3*n + b*t + 2*t - 65 = 0, 5*n + t = -155. Let i = n + 66. Calculate the highest common factor of 9 and i.
9
Let w be -60*(-288)/112 + 2/(-7). Suppose 5*v = -5*u + 103 + 162, 3*v - 2*u = w. What is the greatest common factor of v and 182?
26
Let t = 387 + -353. Let u be 57*((-1)/(-3))/(34/t). Let z(g) = 3*g + 1. Let k be z(6). Calculate the greatest common divisor of u and k.
19
Suppose -28*b + 598 = -15*b. Let x be b + (11 - (2 + 5)). Suppose -150 = 5*f - 10*f. What is the highest common divisor of f and x?
10
Let s(r) = 5 - r**3 + 1 - 152*r + 14 - 10*r + 27*r**2. Let y be s(15). What is the highest common factor of 58 and y?
58
Let t = -673279 + 673336. Let k = 225 - -3. Calculate the greatest common factor of t and k.
57
Let q(u) = 3*u - 647. Let l(v) = 2*v - 431. Let j(a) = 7*l(a) - 5*q(a). Let t be j(31). What is the highest common factor of t and 17?
17
Let n(k) = 5*k - 33. Let o be n(9). Let i be 1/(4/(o*-1)). Let t = i + 41. Calculate the highest common divisor of 19 and t.
19
Suppose -5*v = 4*s + 5, 4*s + 1 = 3*v + 4. Suppose -l + 0*l + 420 = 4*m, m + 5*l - 124 = s. What is the greatest common divisor of m and 13?
13
Let g be 35/21*24/20. Let c be ((-1)/g + 2)/(6/400). What is the highest common divisor of 30 and c?
10
Let m = -1483 + 2595. Let s = m - 461. Calculate the greatest common factor of s and 31.
31
Suppose -5 = 3*g - 17. Let n be -2 - 8*(-27)/36. Suppose 3*s = -15, -g*l = s - n*s - 47. Calculate the highest common divisor of 20 and l.
4
Let r be ((-362)/(-6))/(3/(-9)). Let p = 47 - r. Let f = -21 - -33. Calculate the greatest common factor of p and f.
12
Let l(s) = 4*s**2 - 148*s + 1614. Let f be l(35). Calculate the greatest common factor of 928 and f.
58
Let l(u) = 2*u**2 - 3*u - 9. Let y be ((-56)/12)/((-14)/21). Let f be l(y). Suppose -68 - f = -a. Calculate the highest common divisor of 17 and a.
17
Let k(q) = q**3 + 2*q**2 + 8*q. Let c be k(0). Suppose -5*t - 2*n + 73 = c, 26 = 3*t - 4*n - 23. Calculate the highest common divisor of 285 and t.
15
Suppose -337*k - 3571069 + 17959895 + 9180280 = 0. What is the highest common factor of k and 242?
242
Let u be 41/(984/12216) - (2 - 11). What is the greatest common divisor of 4514 and u?
74
Suppose 19*q = q + 2502. Suppose q = 20*o - 701. What is the greatest common factor of o and 798?
42
Suppose -3*r = 2*a - 118, -2*r - 3*a = -96 + 29. What is the highest common factor of 22 and r?
22
Let b(p) = -p + 9. Let h(v) = 4*v - 27. Let s(i) = 17*b(i) + 6*h(i). Let k be s(6). Calculate the highest common factor of k and 198.
33
Let w be 1 - 1 - (-15 - -3 - -8). Let d = 37 + -30. Let g be (6/d)/(14/588). Calculate the greatest common factor of g and w.
4
Suppose -3*j - 2*x = -1594, -505 = 3*j + 5*x - 2114. Calculate the highest common factor of j and 1904.
16
Let z(d) = 6*d - 32. Let p = -69 + 71. Let c be (-14)/5*p*10/(-8). Let n be z(c). What is the highest common divisor of n and 70?
10
Let j be 5 - 4 - (-11295 + -10) - (2 + 4). What is the greatest common factor of 100 and j?
100
Let l(g) = 79*g - 6. Let b be l(2). Let p = 1281 - 1262. What is the highest common factor of p and b?
19
Suppose 2710 = 6*w + 5*w - 18. Calculate the highest common divisor of 1054 and w.
62
Let l(a) = -a**2 + 28*a - 115. Let k be l(31). Let x be (-2184)/k*32/6. Let d be (3/3 - 15)*-2. What is the highest common divisor of d and x?
28
Let o(t) = -17*t + 454. Let g be o(26). What is the highest common factor of g and 16?
4
Suppose l = 3*q - 175, 0 = 2*q - 3*l + l - 118. Suppose 5*h - 62 = q. What is the greatest common factor of 12 and h?
12
Suppose 4*d - 29 = -5*q, 5*q + 1 = 5*d + 21. Suppose h + q = 2*h. Suppose -3 = 2*u - h*u. Calculate the highest common divisor of u and 4.
1
Let z = 3909 - 3824. Calculate the greatest common divisor of 16915 and z.
85
Suppose 51*d + 13*d - 107856 = 16*d. Calculate the highest common factor of 21 and d.
21
Suppose 0 = -4*l + 4*j + 235 - 71, 14*l - 589 = -j. Suppose 3*r = 8*r - 350. What is the greatest common factor of l and r?
14
Let r = -57 + 115. Suppose r = k + m, -5*k = 4*m - 230 - 63. What is the greatest common factor of k and 61?
61
Suppose 5*p = 2*p + 663. Suppose 0 = -4*o + n + 335, -p = -5*o - 2*n + 201. Let v = 265 + -253. Calculate the greatest common divisor of o and v.
12
Let p = -4611 - -4765. Let s = -32 - -144. Calculate the highest common divisor of p and s.
14
Suppose 2*m - 7*k - 73 = -10*k, 12 = m - 2*k. What is the highest common factor of m and 6058?
26
Let h(u) = -u**2 + 13*u + 25. Let c be h(15). Let t(z) = 7*z + 34. Let v be t(c). Let q be (63/(-12))/(v/12). Calculate the highest common divisor of 7 and q.
7
Let q be 3/15 - 89/(-5). Let u be (833/(-21) + 35)*-1*54/2. Calculate the highest common divisor of u and q.
18
Suppose 106*k - 113*k + 42 = 0. Let q(j) = 20*j - 108. Let n be q(k). Suppose 0 = -0*v - 2*v + 96. What is the greatest common factor of v and n?
12
Let w(j) = 3*j**3 - 16*j**2 - j - 29. Let b be w(12). Calculate the highest common factor of 17 and b.
17
Let s be 4 + 9 + 3591 + -5. What is the highest common divisor of s and 61?
61
Let t(g) be the second derivative of -g**4/12 - 10*g**3/3 - 43*g**2/2 + 34*g. Let f be t(-12). Let m = 71 - f. What is the highest common factor of 162 and m?
18
Let c(d) = -d**3 + 16*d**2 + 21*d - 24. Let r be c(17). What is the greatest common factor of r and 1397?
11
Let a(o) = -47*o + 2594. Let b be a(22). Calculate the highest common divisor of 416 and b.
104
Let n be 7275/(-2)*4/(-24)*12. Calculate the greatest common divisor of 15 and n.
15
Suppose -4*f - 4 = 0, -3*f - 5 = r - 7*f. Let j be -1 + -2*r/(-6). Let m be 4 + (j - -5 - 2). What is the greatest common factor of 1 and m?
1
Let n = 667 + -687. Let a be ((-96)/n + -3)*5. Calculate the greatest common divisor of a and 603.
9
Suppose -5*w + 57 = 2*y, -382 = -y + 4*w - 386. Suppose 5*a - 735 = -3*t, 3*t - 265 = 3*a - 682. What is the highest common divisor of a and y?
16
Suppose 64 = j - 51. Let c(v) be the second derivative of v**4/6 - 5*v**3 + 51*v**2/2 - 370*v. Let f be c(14). Calculate the greatest common divisor of f and j.
23
Suppose -75 = -5*l - 5*q, -7*q - 35 = -l - 4*q. Let s(p) = -p**2 + 16*p + 95. Let n be s(l). Calculate the highest common factor of 3 and n.
3
Let t be (-2)/(-2)*(-106 + 111). What is the greatest common factor of 635 and t?
5
Let w = -13 - -26. Let a be w + (1 + 0)*-1. Suppose -3*l + 3*q + 399 = 0, -4*l + 2*q = -5*l + 130. Calculate the highest common factor of l and a.
12
Suppose -3*y + 936 + 33 = 0. Let v(x) = x**3 + 13*x**2 - 59*x - 748. Let z be v(-13). Calculate the highest common factor of y and z.
19
Suppose 0 = -0*x - 4*x - x. Suppose h + 2*h - 252 = x. Calculate the highest common divisor of h and 14.
14
Let k be (294/(-63))/(-14) - (-1558)/6. Calculate the highest common divisor of 420 and k.
20
Let w = 24 - 8. Suppose 2*j = 6, -4*s = 11*j - 20*j - 181. What is the greatest common divisor of w and s?
4
Suppose -5*k + 15511 = -2*o, -3*k - 5*o - 2293 + 11612 = 0. What is the highest common factor of 214 and k?
107
Let s be (-11 - 351/(-36))/(-1 + 1062/1064). Calculate the greatest common factor of s and 855.
95
Suppose 0 = -7*l + 69*l - 98642. Calculate the highest common factor of l and 215.
43
Let j be -1 - 2 - (-52)/4. Let q be (j/(-8))/((-14)/280). Suppose -5*x - 2*w + 617 = 0, -w + 2*w = -3*x + 371. What is the highest common factor of x and q?
25
Let n(g) = g + 2. Let t be n(-2). Let v(c) = 2*c + t*c - 2*c - 32 - 6*c. Let l be v(-17). What is the greatest common divisor of 175 and l?
35
Suppose 41470 = 168*h + 118*h. Calculate the highest common divisor of 11745 and h.
145
Let h be (110/75)/(6/3020) - (-60)/(-270). What is the highest common divisor of 123 and h?
123
Suppose -9*i + 58 = -194. Let m(f) = -3*f**3 - 5*f**2 + 2*f + 12. Let x be m(-3). What is the greatest common divisor of i and x?
14
Suppose 11*g - 16*g + 10 = 0. Let j(r) = 4*r**2 + 6*r - 4. Let p be j(g). Suppose 7*s - 2*s - 1080 = 0. What is the great